et c be i(-1). Determine p(c).
-3
Let z(a) = 6*a**2 + 7*a - 6. Let q be z(7). Let p(n) = -341*n**2 - 6*n + 672*n**2 - 5 + n**3 - q*n**2. Determine p(7).
2
Let p(x) be the second derivative of -x**4/3 + 4*x**3/3 - 5*x**2 + 2036*x. Calculate p(5).
-70
Suppose 0 = -26*l + 188*l - 972. Let w(f) = 5 - 5*f + f**2 - 5*f + 3. Determine w(l).
-16
Suppose -3*h + 4*q = 16, q = 7 - 6. Let z(f) = 2*f**2 + 7 - 4*f - 4 + 1 + f**3. Determine z(h).
-12
Let t(v) = -23*v - 336. Let z(s) = 13*s + 187. Let c(u) = 4*t(u) + 7*z(u). Calculate c(1).
-36
Let h(z) = -5*z**2 + 31*z - 7. Let r(f) = -10*f**2 - 5*f + 8. Let q(v) = 2*v**2 - v - 1. Let j(a) = 6*q(a) + r(a). Let l(t) = 3*h(t) + 8*j(t). What is l(-6)?
1
Let x = -3 - -2. Let y = 738 + -694. Let t(n) = -45*n + 6*n**2 + 3*n**3 - 8*n**2 + y*n. Determine t(x).
-4
Let x(y) = 2*y**2 + 27*y + 11. Let f(n) = n**2 + 14*n + 3. Let o(m) = -9*f(m) + 4*x(m). Give o(-18).
17
Suppose 0 = 1466*z - 1465*z - 266. Let n = 265 - z. Let t(p) = p + 2. Calculate t(n).
1
Let a be (36/(-252) + 32/(-70))*10. Let i be -10 + 10 + 30/a. Let z(d) = d**3 + 4*d**2 - 5*d - 5. Calculate z(i).
-5
Let v(q) = 6*q**2 - 17*q**2 - 8*q**2 - 6*q**2 - q + 10*q**2. Determine v(-2).
-58
Let r(w) be the second derivative of 40*w + 0*w**2 + 1 - 2/3*w**3. Calculate r(-1).
4
Suppose 318*k - 280*k = 722. Let m(u) = -u + 11. Calculate m(k).
-8
Suppose -4*r + 11 = 7*r. Let a be -6 - (3 + 0 - 4)/r. Let f(y) = -y**2 + 2*y + 4. Let h(k) = -5*k**2 + 7*k + 17. Let s(z) = 9*f(z) - 2*h(z). Give s(a).
7
Let z be 70/(-15)*(-30)/35. Suppose 4*l - 2*m - 2 - z = 0, 0 = 4*l - m - 7. Let u(v) = -v**3 + 3*v**2 + 3*v - 2. Determine u(l).
8
Suppose 29*i = 20*i + 180. Suppose 29*j + i = 34*j. Let r(d) = -2*d**2 + 6*d - 1. Determine r(j).
-9
Let i(a) = -8*a - 50 + 10 - 104 - 7. Determine i(-18).
-7
Let u(l) = -134*l**2 - 128*l**2 - 217*l + 212*l + 4 + 263*l**2. Let i(y) = -y**2 - 4*y + 1. Let q be i(-3). Determine u(q).
0
Let h(f) = 90*f + 171. Let s(g) = -13*g - 25. Let o(m) = -10*h(m) - 69*s(m). Calculate o(-5).
30
Let c(z) be the first derivative of z**6/120 + 4*z**5/15 + z**4/24 + 5*z**3/2 - z**2/2 - 14*z - 23. Let l(y) be the second derivative of c(y). Calculate l(-16).
-1
Let o(h) be the first derivative of 1 - 3*h - 1/2*h**2. Let q = -32226 + 32222. Determine o(q).
1
Let a = 37 + -31. Suppose -c - 2 = -a. Let x(t) = 3*t - t**3 + 3*t**3 + t**2 - 3*t**3 - c*t**2. Give x(-4).
4
Let z = -2452 - -2447. Let a(i) = -i**3 - 7*i**2 - 9*i + 1. Calculate a(z).
-4
Let y(i) = -12*i + 22*i - i**2 - 4 + 2. Let v be y(9). Let q(t) = v*t + 4*t - t - 2*t. Calculate q(1).
8
Let c(k) = -k**3 - 3*k**2 - 2*k + 2. Let x be c(-3). Suppose p + 4*j = -p - 106, -x = 2*j. Let z = -42 - p. Let a(t) = -t**2 + 2*t. Determine a(z).
-3
Let v(k) = -2*k - 18. Let b(p) = 18*p + 162. Let s(g) = -3*b(g) - 26*v(g). Give s(-13).
8
Let h(z) be the first derivative of z**2/2 - 2*z + 1. Let v = 29 - 27. Suppose v*i - 17 = -3*d + 3*i, 3*d - 3*i = 27. Calculate h(d).
2
Suppose 14 = 3*g - 2*a + 5, 4*g - 1 = -a. Let r(d) = 3*d - 7*d - 2*d. Calculate r(g).
-6
Let h(a) = -a**3 + 2*a**2 + 2. Let j(v) = -2*v**2 - 36*v - 35. Let p be j(-17). Let s = -5 + 8. Let r = p + s. Determine h(r).
2
Let d(a) = -a**2 + 31*a - 162. Suppose 63*l - 62*l = 3*n - 77, 2*l = -3*n + 62. Give d(n).
6
Let h(t) = -5*t + 5*t**2 - 10*t**3 - 12 + 20*t**3 + 16 - 11*t**3. Let r be (9/(-6))/((-2)/4). Give h(r).
7
Let f(j) = -j**2 + 7*j + 5. Suppose 0*m = 2*h - 5*m, -h - m = 0. Suppose h = 10*w + 2*w - 60. Suppose 0*s - 30 = -w*s. Calculate f(s).
11
Let c(l) = -2*l**2 - 1. Let i be 150/(-70) + 3*(-1)/(-21). Let a be -4 + i/6*-9. Give c(a).
-3
Let s(n) = -n**3 + 7*n**2 - 8*n + 27. Let a(i) = -i**2 + 625*i - 3707. Let p be a(6). Give s(p).
-29
Let z be (-13)/(-2) - (-5 + 3 + (-203)/(-58)). Let w(i) be the third derivative of 0*i - z*i**2 - 4/3*i**3 - 1/60*i**5 + 0 + 5/12*i**4. Determine w(7).
13
Let g(r) = r**3 + 13*r**2 + 10*r - 28. Let z be 106/(-8) - (-21 - 1422/(-72)). Determine g(z).
-4
Let r(x) = x + 2. Suppose 23*j - 4*i + 89 = 28*j, 0 = 4*j + 3*i - 72. Let q = 1 - 1. Suppose -2*c - 4 = q, -u + 2*c = -6*u + j. Give r(u).
7
Let p be ((-4)/10 - 2/(-5))/(779 - 776). Let j(o) = -3*o**3 + o**2 - 2*o. Determine j(p).
0
Let h be 3/(-10) - (-1168)/160. Let w(d) be the second derivative of -d**3/6 - 24*d. Determine w(h).
-7
Let f be 19/(-3) - 7/84*-4. Suppose 5*k - 10 = 0, -5*k = 4*v - 5*v - 8. Let a(t) = -1 - 5*t + 4*t**2 + 9*t - t**2 - 2*t**v. What is a(f)?
11
Let c(u) = u - 9. Let q be -1 - 1/3*39. Let p be 174/203*q/(-3). Determine c(p).
-5
Let v(f) = -f**2 - 9*f + 21. Suppose 3*s - 4*k - 973 = -987, -2*s + 5*k = 21. Determine v(s).
-1
Suppose -3*a + 6 = 3*t, 4*a - 2*a - 4 = t. Let n(f) = f**2 + 26*f + 119. Let c be n(-21). Let m(y) = 4 + 0 - c + 7 - a*y. Calculate m(-4).
5
Let o(n) = 246*n**2 - 12*n - 6. Let h(f) = 227*f**2 - 10*f - 5. Let r(c) = 13*h(c) - 12*o(c). Determine r(11).
40
Suppose -13*l + 288 = 93. Suppose -l = -6*c + 15. Let j(z) = -z**2 - 2*z - 6. What is j(c)?
-41
Let n(l) be the second derivative of 12*l + 0*l**2 + 1/3*l**4 + 0 + 1/3*l**3. Let w = -60 + 58. Determine n(w).
12
Let z(n) = 11 + 9 + 3*n - 9 + 14*n - 6*n. Calculate z(2).
33
Let p = -19366 + 193661/10. Let w(l) be the third derivative of p*l**5 + 0 + 22*l**2 - 5/6*l**3 - 1/120*l**6 + 0*l + 7/24*l**4. Determine w(7).
-5
Let s(u) be the second derivative of u**4/12 + 5*u**3/3 - 17*u**2/2 - 16*u. Suppose 26*x + 102 = -184. Determine s(x).
-6
Let f(h) = 3*h - 4 - 6*h + h. Suppose 0 = -47*s - 12*s + 2*s - 285. Calculate f(s).
6
Suppose -7*y + 55 + 10 = -20*y. Let n(w) be the third derivative of -4*w**2 + 0 - 1/10*w**5 - 1/2*w**3 + 0*w - 1/120*w**6 - 1/6*w**4. Give n(y).
-8
Suppose 29*i - 8 = -10 + 60. Let w(p) = 38*p - 7. Determine w(i).
69
Suppose -5*m - 36 = -5*o - 11, -13 = -o - 3*m. Suppose 4*v + 2*i - 8 = 0, -4*i + 4 = 4*v - 2*v. Let r(n) = -6 - 4 - n + v. Calculate r(o).
-15
Let s be ((-3806)/(-154) - 23)*(9/2 - 1). Let y(i) = 5*i - 23. Calculate y(s).
7
Let k(l) = -3*l - 4. Let w(m) = -m**3 + 12*m**2 - 22*m + 6. Let v be w(9). Suppose v = 4*z - 57. Suppose 4*j = -4*n - 52 + 8, -3*j = 2*n + z. What is k(n)?
14
Let c(a) = 10*a**2 - a. Let v(z) = -z + 9. Let i be -4*(9/(-4) + 1). Let o be v(i). Suppose o*p = 8*p + 4. Give c(p).
11
Let a(s) = s**2 + 29*s + 196. Let n(j) = j**3 + 14*j**2 - 11*j + 43. Let m be n(-15). Determine a(m).
-8
Let h(u) = u**3 + 2*u**2 - 2*u**3 - 6*u + 2 + 0*u**3 + 2*u**2. Suppose -l = -3*o + 32 - 16, -24 = -2*o + 4*l. Determine h(o).
-22
Let j(f) = -f**2 - 1. Let m(y) = 2*y**3 - 6*y**2 + 2*y - 2. Let c be m(4). Suppose 9 = 35*i - c*i. Let z be i/1 - (-8 - -7). Determine j(z).
-5
Suppose -2 - 2 = -2*r - 3*z, -3*r + 6 = 4*z. Let c(w) = -6*w**r - w**2 - 9*w**2 - 5*w**2. Let i = 28 + -29. Determine c(i).
-21
Let z(v) be the first derivative of 2*v**3/3 + 11*v**2 + 12*v - 1118. Calculate z(-11).
12
Let y(n) = n - 3. Suppose -10*w + 11*w = 7. Let q = -5 + w. Let g = 5 - q. What is y(g)?
0
Let m(u) be the first derivative of -7*u**2/2 + 14*u - 3949. Determine m(1).
7
Let b be (3/(-2))/(-5 + 679/140). Suppose -3*m = f - 1, -3*f + 2 = -b. Let i(o) = -13*o + 1. What is i(m)?
14
Let g be 5/(-1) + (3 - 1). Let n(i) = 154 - 13*i**2 + i - 151 + 16*i**2. What is n(g)?
27
Let c(b) be the third derivative of b**6/720 - b**5/120 - b**4/24 + 2*b**3/3 + 63*b**2 - 3*b. Let j(s) be the second derivative of c(s). Calculate j(-9).
-10
Suppose 0*a - 4*a = -6*a. Let n(j) = 16 + 4 + a - j - 10. Calculate n(0).
10
Let t be 8 - 5/(-20)*0. Let c be (-1)/3 - (t/(-6) + -1). Let x(n) = 1 - 2 - 1 - n**c + 3 + 7*n. Calculate x(8).
-7
Let y be (3/5)/(7/70). Suppose -4*f + y = -6, d - 14 = -4*f. Let b(s) = 70*s**d + s**3 - 2 + 4*s + 0 - 71*s**2 - 2*s. Calculate b(2).
6
Let t(q) = 11*q + 1. Let x(y) = -10*y + 7. Let g(o) = t(o) + x(o). Calculate g(-2).
6
Let m(a) = -3*a**2 - 2*a + 4. Let o(y) be the third derivative of 31*y**4/24 - 52*y**3 + 25*y**2 - 2*y. Let i be o(10). Calculate m(i).
-4
Let z be 176/30 - (10/225)/(1/(-3)). Let u(g) = -g**2 + 5*g - 4. Calculate u(z).
-10
Let p(i) = i - 2. Suppose -4*q - 14 = -v, -62*q + 19 = -4*v - 61*q. Let w be 7/3 + (-4)/(-6). Let h be (-2)/v + (-22)/w. What is p(h)?
-9
Let s(l) = -l**3 - 14*l**2 - 23*l - 3. Let b be s(-12). Let u(g) = -g**2 - 15*